 and 121720?
340
Calculate the highest common factor of 476735126 and 7.
7
Calculate the greatest common divisor of 14624321 and 858548.
5801
What is the greatest common factor of 33407 and 92473613?
3037
Calculate the highest common factor of 26901 and 8631.
63
Calculate the greatest common factor of 27268 and 532528.
1604
What is the greatest common divisor of 37527720 and 69?
69
Calculate the highest common factor of 9394 and 646800.
154
Calculate the highest common factor of 71 and 128243111.
71
What is the greatest common factor of 3872 and 1858912?
352
Calculate the greatest common factor of 21624345 and 45.
45
Calculate the highest common divisor of 9 and 9600183.
9
Calculate the greatest common divisor of 842500 and 317500.
2500
Calculate the greatest common divisor of 744 and 776196.
12
What is the highest common factor of 15468 and 849?
3
Calculate the highest common factor of 17 and 627753917.
17
Calculate the greatest common factor of 26575992 and 18117.
1647
What is the highest common divisor of 287 and 21035419?
41
What is the greatest common divisor of 600 and 4618300?
100
What is the highest common divisor of 148384038 and 2706?
66
What is the greatest common factor of 490442375 and 75?
25
Calculate the greatest common divisor of 1664730590 and 4910.
4910
Calculate the highest common divisor of 20475 and 2515275.
1575
Calculate the highest common factor of 376133175 and 3735.
3735
What is the greatest common divisor of 913440 and 2832?
48
What is the greatest common factor of 104758051 and 134?
67
Calculate the greatest common factor of 111722800 and 896.
112
Calculate the greatest common factor of 1105317967 and 6836.
1709
Calculate the highest common divisor of 1907128 and 136440.
3032
What is the greatest common divisor of 3618990 and 52614?
1422
Calculate the highest common factor of 1824 and 77043936.
1824
Calculate the highest common factor of 20526043 and 639056.
3631
What is the greatest common factor of 196 and 2115526?
98
Calculate the greatest common divisor of 1447150 and 12900.
50
What is the highest common factor of 99515362 and 8412?
1402
Calculate the greatest common divisor of 2458698 and 4686.
66
What is the greatest common divisor of 451852457 and 92?
23
What is the greatest common factor of 2808 and 54799524?
1404
Calculate the greatest common factor of 652206 and 426.
426
What is the greatest common divisor of 47744 and 4459588?
1492
Calculate the highest common factor of 7884 and 1002672.
108
What is the greatest common divisor of 564460 and 5915?
845
What is the greatest common divisor of 230952 and 13488?
24
Calculate the greatest common divisor of 38800 and 171496.
776
What is the highest common divisor of 13247052 and 64974?
3822
Calculate the highest common divisor of 45323 and 107421.
61
What is the highest common divisor of 2176 and 507305024?
1088
What is the greatest common factor of 5169585 and 2205?
15
What is the highest common divisor of 28 and 593165244?
28
What is the highest common divisor of 8 and 9882196?
4
Calculate the highest common factor of 1577978 and 19458.
94
What is the highest common factor of 5544974 and 58?
58
What is the greatest common divisor of 6264 and 144884?
116
What is the highest common divisor of 13179270 and 30080?
470
What is the greatest common factor of 826 and 955472?
14
What is the highest common factor of 33664425 and 300?
75
Calculate the highest common factor of 3695224 and 416.
104
Calculate the highest common factor of 45286101 and 44289.
1197
Calculate the highest common divisor of 282488710 and 10360.
2590
What is the highest common factor of 818676 and 384?
12
Calculate the greatest common factor of 24777589 and 387.
43
What is the greatest common divisor of 1262601 and 463590?
2727
Calculate the greatest common factor of 435 and 15386965.
145
What is the highest common divisor of 277899 and 56500681?
5449
What is the greatest common divisor of 4278 and 14786907?
2139
What is the greatest common divisor of 141506755 and 195?
65
What is the greatest common factor of 90 and 6363612?
18
Calculate the highest common divisor of 4476 and 24720.
12
What is the greatest common divisor of 781 and 168913118?
781
Calculate the highest common factor of 247092 and 1416.
708
What is the greatest common factor of 39368464 and 28?
4
Calculate the highest common factor of 7910355 and 125625.
1005
Calculate the highest common factor of 77766 and 19396.
26
What is the greatest common divisor of 559048 and 3504368?
3752
Calculate the greatest common divisor of 5847943 and 4456.
557
Calculate the greatest common divisor of 47562603 and 139.
139
What is the greatest common factor of 422766 and 918?
54
Calculate the highest common factor of 232 and 6283372.
116
What is the greatest common factor of 176 and 25239412?
44
What is the highest common factor of 11662 and 20?
2
What is the greatest common divisor of 15 and 14103160?
5
Calculate the highest common divisor of 89 and 21594337.
89
What is the greatest common divisor of 625376 and 41024?
32
Calculate the highest common factor of 12603486 and 2352.
294
What is the highest common factor of 274371619 and 2414?
1207
Calculate the greatest common factor of 126337999 and 731.
731
What is the greatest common divisor of 20209952 and 32?
32
What is the greatest common divisor of 9243 and 782811?
711
What is the highest common factor of 168621305 and 8490?
1415
What is the greatest common divisor of 62040 and 14080?
440
Calculate the highest common divisor of 15 and 17180745.
15
What is the greatest common factor of 456 and 1968286?
38
Calculate the greatest common factor of 24 and 18342344.
8
Calculate the highest common factor of 896630 and 12950.
70
Calculate the highest common factor of 856 and 340822392.
856
What is the greatest common divisor of 539 and 67844469?
539
What is the highest common divisor of 1540524 and 692?
4
What is the highest common divisor of 1512 and 267187704?
168
What is the greatest common divisor of 53658 and 450901?
11
What is the greatest common divisor of 27753 and 36333?
33
Calculate the greatest common divisor of 19378181 and 65023.
1327
Calculate the greatest common factor of 103 and 154394631.
103
What is the highest common factor of 49 and 71545733?
49
What is the greatest common divisor of 63295000 and 600?
200
What is the highest common divisor of 322650 and 729?
27
Calculate the greatest common divisor of 14664 and 220428.
156
What is the highest common factor of 74849 and 65237?
89
What is the greatest common factor of 62159 and 66307?
61
What is the highest common factor of 1430 and 560930?
10
Calculate the highest common factor of 1862 and 9522401.
133
What is the greatest common divisor of 1450 and 80680?
10
Calculate the highest common divisor of 8496 and 1984111.
59
Calculate the greatest common divisor of 11410763 and 7.
7
What is the highest common divisor of 786 and 12273783?
393
Calculate the highest common factor of 325826773 and 259.
37
What is the highest common divisor of 3861 and 36524007?
351
What is the highest common factor of 120301 and 46846?
59
What is the highest common factor of 23166758 and 8031?
2677
What is the highest common factor of 1751738 and 14402?
758
Calculate the highest common divisor of 91225 and 1643830.
445
Calculate the greatest common divisor of 4717475 and 147.
49
Calculate the greatest common factor of 2 and 1633987.
1
Calculate the highest common divisor of 13938 and 233411.
101
Calculate the greatest common factor of 837290 and 4750.
10
What is the highest common divisor of 606672 and 54?
18
Calculate the greatest common divisor of 40 and 7653895.
5
Calculate the greatest common factor of 275208 and 2984.
8
Calculate the greatest common divisor of 109360 and 26786365.
6835
What is the greatest common factor of 8 and 375180624?
8
What is the greatest common factor of 1404978364 and 1172?
1172
What is the greatest common factor of 13536516 and 14?
14
Calculate the greatest common factor of 2089 and 470944160.
2089
Calculate the highest common divisor of 312 and 55122.
6
What is the highest common divisor of 21044775 and 150?
75
Calculate the greatest common divisor of 68012 and 201607.
2429
Calculate the greatest common divisor of 20798163 and 